nd derivative of -c**4/12 + 5*c**3/3 - 13*c**2/2 + 388*c. Give l(9).
-4
Let y(d) = 9*d + 6 + 4*d + 4 - 14*d - 23*d**3 - 8. Determine y(1).
-22
Suppose 5*o + 1 = 2*y, 2*o + 2*y = 6*o. Let l be (-7 - (-2 - 2))*o. Let v(u) = -6 + 7 - 4 + 2*u. What is v(l)?
3
Let t(d) = d**2 - 2*d - 5. Let j(w) = 2*w**2 + 10*w - 22. Let y be j(-7). Give t(y).
19
Let l(o) = -9*o**3 - o + 2. Let a(p) = -9*p**3 - p**2 - p + 3. Let n(m) = 2*a(m) - 3*l(m). Calculate n(1).
8
Let l(a) = 11*a - 30*a - 4 + 16*a. Let h be l(0). Let j(b) = b**3 + 5*b**2 + 5*b - 1. What is j(h)?
-5
Suppose 0 = -0*w + 2*w - 2. Let a(j) = -18*j**2 + 0*j**2 + 6*j**2 + 8*j**2. Calculate a(w).
-4
Suppose 2 = 5*o - 28. Let s = -9 + 12. Let f(y) = 2 + 6 - s*y + y**3 + 7*y - 7*y**2. Calculate f(o).
-4
Let h be (-4)/(0/8 - 2). Let w(g) = 8*g**2 + 3*g - 1. Give w(h).
37
Let n(i) = -13*i**2 - 63*i - 58*i + 121*i - 1. What is n(1)?
-14
Suppose -15*z - 193 = -238. Let w(h) be the first derivative of -h**2/2 + h + 5. Determine w(z).
-2
Let m(h) = -1 - 5 - h**2 - 2*h**3 + 5. Let v(x) = x**3 + 5*x**2 + 4*x - 2. Let z be v(-4). Give m(z).
11
Let h(d) = -13*d**2 - 2*d - 1. Let q(n) = n**2 + 8*n - 10. Let s be q(4). Let f = s - 39. Determine h(f).
-12
Let o(f) be the third derivative of -f**6/120 + f**5/10 + f**4/24 - f**3/6 + 33*f**2. What is o(6)?
5
Let m = 5 - 18. Let a = 9 + m. Let g(o) = -13*o**2 + o + 9. Let i(t) = -7*t**2 + t + 5. Let u(l) = -6*g(l) + 11*i(l). Give u(a).
-3
Let g(l) = l**3 - l**2 - 1. Suppose n - 24 = -3*n. Let m(z) = -147 + 141 + z + 0*z. Let q be m(n). Determine g(q).
-1
Suppose 4*j + 70 = 54. Let z(m) = -m**2 - 4*m. Calculate z(j).
0
Let y(o) = -3*o**2 + 4*o**2 + 1986 - 1987 - 10*o. Determine y(10).
-1
Let u(a) be the first derivative of -a**3/3 - 7*a**2 - 15*a - 21. Determine u(-12).
9
Let w(x) = x + 8. Let l(r) = r**2 + 8*r + 12. Let i be l(-5). Let g be w(i). Let k(m) = -m. Give k(g).
-5
Let p(q) = q**2 - 7*q - 9. Let n be 455/63 - 16/72. What is p(n)?
-9
Let v(i) = i**3 - 12*i**2 + 12*i - 5. Suppose 187*m = 185*m. Suppose -g = -3*j - 0*j + 33, 3*j + 3*g - 33 = m. Calculate v(j).
6
Suppose 35 = 2*x + 21. Let q(t) = t**3 - 6*t**2 - 7*t - 4. Calculate q(x).
-4
Let d(j) = 2*j + 5. Let g be ((-2)/(-5))/(2/10). Let l = -5 - g. Let m(y) = 2*y + 10. Let z be m(l). Determine d(z).
-3
Let x(l) = -l**2 + 504*l - 1004*l - 9 + 505*l. Determine x(7).
-23
Let t(q) be the first derivative of q**4/12 - q**3 - q**2 - 34*q + 12. Let m(p) be the first derivative of t(p). What is m(6)?
-2
Let u(t) = 2*t**3 + 6*t**2 + t + 4. Let n(y) = -6*y**2 - 10*y + 18*y - 9*y - 4 + 0*y - y**3. Let o(x) = -3*n(x) - 2*u(x). What is o(6)?
10
Let h = 2 + -14. Let u be -3 - (-12)/(h/3). Let x(l) be the first derivative of -3*l**2/2 - 6*l - 3. Calculate x(u).
12
Let g = 0 + 4. Let n be (-4)/(-2)*(-2)/(-2). Let p(h) = -2*h - h**n + 0*h**3 + h + g*h**3. Give p(-1).
-4
Let l(b) = -2*b**3 + 8*b**2 - 11*b - 9. Let z(y) = y**3 - 4*y**2 + 6*y + 5. Let q = 7 + -3. Let f(a) = q*l(a) + 7*z(a). Let i = 1 - -1. Give f(i).
3
Let l(b) = -b**3 - 5*b**2 + 5*b - 3. Let v be -2*(-3 - 0)/(-3). Let y be (-1 - v)/((-1)/(-5)). Let x be ((-12)/(-14))/(y/(-35)). What is l(x)?
3
Let w = 510 + -508. Let q(u) = u**2 - 1. What is q(w)?
3
Let a(c) = 1 - 4*c - 9*c + 18*c - c. Let x = -1 - -2. Let j(o) = -o**2 - 1. Let g be j(x). Give a(g).
-7
Let w(d) = d + 2*d**2 + 355 - 7*d**2 + 4*d**2 - 356. Let x(v) = 3*v**2. Let b(r) = -4*w(r) - x(r). Calculate b(6).
16
Let l(b) = b**3 + 7*b**2 + 7. Let g be 2/12 + (-649)/(-66). Let q(n) = -n**2 + 9*n + 12. Let x be q(g). Suppose 3*d + 19 = -x. Determine l(d).
7
Let a(l) be the second derivative of -l**5/20 + l**4/12 + l**3/6 - 4*l**2 - 32*l. What is a(0)?
-8
Let j(b) be the first derivative of 2*b**3/3 - 5*b**2 + 4*b - 6. Let f be j(4). Let a(q) = q**2 + 4*q - 3. Determine a(f).
-3
Let f(y) = 8*y - 2. Let l(j) = -j**2 - 37*j - 157. Let a be l(-32). Calculate f(a).
22
Let h(y) = 3 + y**2 - 124*y + 251*y + 0 - 124*y. Determine h(-2).
1
Let d be (3 - -1)*1/4. Let j(i) = -35*i**3 + 14*i**2 - 37*i + 20. Let o(v) = -12*v**3 + 5*v**2 - 13*v + 7. Let a(t) = -6*j(t) + 17*o(t). Calculate a(d).
7
Let s(l) be the third derivative of -l**8/6720 - l**7/840 + l**6/360 + l**5/40 + 7*l**4/6 + 14*l**2. Let v(i) be the second derivative of s(i). Calculate v(-2).
-5
Let d(h) = -2*h**2 - h - 3. Let n(r) = r**2 + 1. Let t be 2 - (10 - 3 - 2). Let y(o) = t*n(o) - d(o). Calculate y(4).
-12
Let t(j) = j**2 + 5*j - 1. Let i be 45/(-30) - (20/8)/1. Give t(i).
-5
Let n(b) = -14*b**2 - 2*b + 1. Let x(v) = v - 7 + v**3 + 8 + 0*v. Let k be x(0). Determine n(k).
-15
Let r = 252 - 248. Let m(f) be the third derivative of f**4/24 - f**3/6 - f**2. Calculate m(r).
3
Suppose -5*k + 11*k = 24. Let w be k/1 - (-19 - -17). Let h(a) = 3*a**2 + 2*a + 1. Let v(c) = 2*c**2 + 3*c + 2. Let g(j) = 3*h(j) - 4*v(j). Calculate g(w).
-5
Let r(u) be the third derivative of u**7/2520 - u**6/120 - 7*u**4/12 + 12*u**2. Let i(h) be the second derivative of r(h). Calculate i(5).
-5
Let w(h) = 4*h + 1. Let i(u) = -2*u**2 - 16*u + 14. Let t be i(-9). What is w(t)?
-15
Suppose -2*a - 20 = -2*y - 4*a, 0 = -y - 2*a + 13. Let c(w) = w**2 - 7*w + 10. Calculate c(y).
10
Suppose -5*n + 3 = 23. Let q(x) be the second derivative of -x**2 + 0 + 11*x - 1/6*x**3. Determine q(n).
2
Let s(k) = 0*k**2 - 6 - 16*k - 8 - 1 + 3*k + k**2. Give s(11).
-37
Let g(p) = -p**3 + 42*p**2 + 87*p + 50. Let z be g(44). Let v(m) be the first derivative of m**2/2 - m + 5. Calculate v(z).
5
Let c(t) be the third derivative of t**4/12 - t**3/2 - 2*t**2. Suppose -5*x = 3*p - 13, p - 5 + 8 = 2*x. Determine c(x).
1
Suppose 494 = -20*x - 18*x. Let s(y) = y + 11. Calculate s(x).
-2
Suppose -3*i - 48 = -6*i. Let a = i + -10. Suppose -l - l - a = 0. Let u(m) = -m**3 - 3*m**2 - m - 4. Determine u(l).
-1
Let m(t) = t**3 + 4*t**2 - 4*t - 2. Suppose 0 = 2*g - 2, -3*g = r - 3 - 3. Suppose -5*i = r*a + 31, -a = 3*i - i + 12. Calculate m(i).
-7
Let w(o) = o**2 + 11*o + 16. Let h = 42 - 51. Calculate w(h).
-2
Let s(c) = 4*c**3 - 3*c**2 - 6*c - 6. Let z(g) = 7*g**3 - 5*g**2 - 11*g - 11. Let w(r) = -11*s(r) + 6*z(r). Let b = -32 - -34. Calculate w(b).
-4
Let w(i) = i**3 - 3*i**2 + 2*i - 3. Let t be 44/(-198) - 382/(-18). Let o = t - 18. What is w(o)?
3
Let j be (1 + 39/15)/(130/325). Let b(g) = -4*g - 2. Give b(j).
-38
Let n(f) = f**2 + 7*f + 8. Suppose 8*s - 1 + 49 = 0. Calculate n(s).
2
Let l(g) = -g + 7. Suppose 4*v + 13 = 25. Suppose 39 = 2*k + v*k + 3*w, 9 = k + w. Determine l(k).
1
Let w(c) = -3*c - 1. Let i(d) = -d**2 - 15*d - 12. Let r be i(-13). Suppose 4*b + 4*l = -8, 2*l = -b - 2*l - r. Suppose -1 - b = 3*h. Determine w(h).
2
Suppose 6*s + 100 = 2*s. Let n be s/10*(2 + 0). Let b(y) = y**3 + 6*y**2 + 4*y + 2. What is b(n)?
7
Let o(w) be the first derivative of -w**4/12 - 2*w**3/3 - 3*w**2/2 + w + 4. Let x(b) be the first derivative of o(b). Let j = -22 + 18. What is x(j)?
-3
Let z(m) = -5*m**3 - 19*m**2 + 22*m - 9. Let s(v) = 2*v**3 + 9*v**2 - 10*v + 4. Let g(i) = -7*s(i) - 3*z(i). What is g(3)?
-16
Suppose 2*h + 2 = 14. Let p(t) = -h*t**2 + 0*t**3 + 12*t - 7 - 12*t + t**3. Determine p(6).
-7
Let n(w) = w**3 - 5*w**2 - 5*w - 8. Suppose 2*a + 5*k = 37, k - 5*k = -3*a - 2. Determine n(a).
-2
Suppose 0 = -9*o + 7*o + 12. Suppose o*p = -p - 42. Let n(a) = -a**2 - 6*a - 8. Give n(p).
-8
Suppose -2*h = 2*i - 6, 2*i - 6 = 2*h - h. Let l(n) = n**2 + h*n + 0*n + 2*n. Calculate l(-2).
0
Suppose -5*v + 2 = -4*v. Suppose 2*j - 6 - 8 = -4*z, -v*j + 6 = -4*z. Let a(n) = -j*n + 5 + 3*n**2 + 3*n**2 + n**3 - 2*n**3. Give a(5).
5
Let a(u) be the first derivative of u**2 - 10*u + 276. Determine a(4).
-2
Suppose v + 4*m = 9, 2*v = 2*m - 7 + 5. Let r be ((-12)/(-9) - v)/(6/(-72)). Let p(j) = 3 - 3*j**2 - 3*j - j**3 + j + 8*j. What is p(r)?
-5
Let n(f) = 7*f**3 - 21*f**2 + 3*f - 5. Let l(d) = -7*d**3 + 17*d**2 - 3*d + 4. Let i(x) = -6*l(x) - 5*n(x). Give i(-2).
-49
Let t(m) be the third derivative of -1/60*m**5 + 0*m + 1/12*m**4 + 0 + 10*m**2 + 1/3*m**3. Determine t(-2).
-6
Let z(h) = h**3 + 3*h**2 - 4*h - 2. Suppose -w + 6 = -1. Suppose 0 = 6*d - 3*d - 42. Suppose q - 5*m = w, -2*q - d = 5*m + 2. Determine z(q).
10
Let c(r) = r**3 + 7*r**2 - 44*r - 2. Let w(s) = s**3 + 8*s**2 - 58*s - 2. Let g(o) = 4*c(o) - 3*w(o). What is g